 digit of l?
6
Suppose -4 = -3*h - 4*r, 3*r + 0*r - 3 = -h. Suppose s = -h*s + 17. What is the tens digit of s?
1
Let x(l) = -l**2 + 5*l + 3. Let c be x(5). What is the units digit of -4*(45/(-4))/c?
5
What is the tens digit of 6*2/(-3) - -31?
2
Suppose -4*t - 4*x = -124, -5*t - 3*x - 25 + 184 = 0. What is the units digit of t?
3
Let z(s) = -s**3 - 3*s**2 - s. Let h be z(-2). Let g be -3*3/(-18)*h. Let w = 4 + g. What is the units digit of w?
3
Let l = -9 - -9. Suppose l = 2*t - k + 9, -5*k = 4*t + 2 + 9. Let v(u) = -3*u + 2. What is the tens digit of v(t)?
1
Let o(p) = -2*p**3 - 2*p**2 - 2*p - 1. Let k be o(-1). Let u(x) = x - x**2 + 0 + k - 2 + 3. What is the units digit of u(0)?
2
Let l be -8 - 1/(1 + -2). Let y(z) = -3*z + 2*z - 3 + 2. What is the units digit of y(l)?
6
Suppose 0*l + 6 = -q + 2*l, -2*q - 3*l = -23. Suppose -x = b, -b = b - q*x - 6. Suppose -3*z - 2*z - 9 = -4*i, 0 = -i - 2*z - b. What is the units digit of i?
1
Let b be (2/(-6))/((-1)/9). Let j be -2 + b/((-9)/(-6)). Suppose -3*y + 8*y - 10 = j. What is the units digit of y?
2
Let n = -7 + 14. Suppose -2*f + 3*f = 4*c - 29, -3*f - 27 = -2*c. Let o = n - c. What is the units digit of o?
1
Let h(q) be the second derivative of q**5/20 - q**4/6 - 5*q**3/6 - q**2/2 + 2*q. What is the units digit of h(4)?
1
Let f(a) = a**2 + 3*a + 6. Let u = 3 + -7. Let z be f(u). Let d = z - 5. What is the units digit of d?
5
Suppose 1 = -r, 3*d - r = 6 - 2. What is the units digit of d?
1
Suppose -8*d + 45 = -3*d. What is the units digit of d?
9
Let h(s) = 5*s**2 - 2*s + 1. Let y be (3/6 + 0)*2. Let w be h(y). Suppose -2*l + w = -0. What is the units digit of l?
2
Suppose 5*v = 3*v + 28. What is the tens digit of v?
1
Let p(y) = y**3 - 11*y**2 - 8*y + 4. What is the tens digit of p(12)?
5
Suppose -5*x + 69 = -41. What is the units digit of x?
2
Let t be 39/(-6) - (-2)/4. Let s = 11 + t. What is the units digit of s?
5
Suppose -2*b + 0*b = -10. Let c(f) = f + 11. Let u be c(-5). Suppose 0 = -b*d + 19 + u. What is the units digit of d?
5
Let y = 91 - 63. What is the tens digit of y?
2
Let n = -8 - -11. Let t(k) be the second derivative of -k**4/12 + 2*k**3/3 - k**2/2 + 2*k. What is the units digit of t(n)?
2
Let l be 1*-4 - (-9 - -1). What is the units digit of l*3/24*62?
1
Let p(z) = -z**3 - 12*z**2 - 24*z - 12. What is the units digit of p(-11)?
1
What is the hundreds digit of 182 - (7 + (-7 - -4))?
1
Let g = -11 - -38. Let c be g/(-3)*(-2)/3. Suppose 3*r + 4*w - 6 = 0, 4*w + c = r - 12. What is the units digit of r?
6
Let o = 5 + -1. Suppose i - o*i + j = -69, -3*j = 5*i - 101. Suppose f - 2*z = -0*z + 10, -5*f - 4*z + i = 0. What is the units digit of f?
6
Let h = -7 + 7. Suppose h*a = -2*a + 6. What is the tens digit of 3*4 + 9/a?
1
Let y(c) = c**2 - 7*c - 5. What is the units digit of y(12)?
5
Let i = 90 - 62. Let o = 41 - i. Let g = 20 - o. What is the units digit of g?
7
Let f(a) be the first derivative of -2 + 3*a - 5/2*a**2 + 2/3*a**3. What is the units digit of f(3)?
6
Suppose 0 = -5*h - 4*w + 115, 0 = -h - 4*h + w + 115. What is the units digit of h?
3
Let x(z) = z**3 + 6*z**2 - 2*z + 7. Let b(u) = -u**3 - 9*u**2 + u + 3. Let f be b(-9). What is the tens digit of x(f)?
1
Let j(b) = b**3 - b. Let u be j(2). Suppose -u*c = -3*c - 27. What is the units digit of c?
9
Let h(n) = n**3 - n**2 - 3*n + 1. Let l be h(3). Suppose -l - 10 = 4*c. What is the units digit of ((-4)/(-10))/((-1)/c)?
2
Let h be (-2)/7 + (-16)/(-7). Suppose 0 = -5*q + 3*s + 10, 0 - 8 = -4*q - 3*s. Suppose -h*k = -4*k + q. What is the units digit of k?
1
Suppose -2*i + 7*i = 260. Suppose 3*s - i - 14 = 0. What is the tens digit of s?
2
Let l(n) = n + 10. Let q be l(-7). Suppose -q*t - a = a - 44, -2*t + a = -27. What is the units digit of t?
4
Suppose 23 = -5*k + 128. What is the tens digit of k?
2
Let i(m) = -m + 2. Let r = -42 + 24. Let u be (-2)/(-8) + r/8. What is the units digit of i(u)?
4
Let x(k) = k**2 - 6*k + 3. Let j be x(6). Suppose -j - 17 = -5*n. What is the units digit of (2/n)/(3/12)?
2
Let w(x) = -x**3 + x - 4 + 5*x**2 + 3*x**2 - 2 - x**2. Let l be w(7). What is the units digit of 4 - 4 - -3*l?
3
Let c(m) be the first derivative of m**2 - 7*m + 2. What is the units digit of c(8)?
9
Let u = 3 - 1. Suppose 0 = b + w - 6, -w = -2*b + 4*w - u. Suppose -51 = -b*q + 9. What is the tens digit of q?
1
Let r(f) be the second derivative of f**3/6 + 3*f**2 + 2*f. Suppose 5*y - 12 = -3*p - 2, -3*p = -3*y + 6. What is the units digit of r(p)?
6
Let k(m) = -m - 16. Let z be k(0). Let p = 22 + z. What is the units digit of p?
6
Let g = -7 - -11. Let x = 8 - g. What is the units digit of x?
4
Let z(l) = -l + 8. Let j be z(8). Suppose j = -3*p - 2*p + 45. What is the units digit of p?
9
Suppose 0 = 4*z + 5*c - 31, 0*z + 5*z - c = 17. Suppose z*l - 3*u + 10 = 34, 5*l - 7 = -2*u. What is the units digit of l?
3
What is the tens digit of 1 + 115/1 + -3?
1
Suppose 5*r + 5*x + 42 = 4*x, r + x = -6. What is the units digit of 3/r*0 + 17?
7
Let b = 2 + -2. Let t(r) = -r + 4 + 4 + b - 4. What is the units digit of t(-4)?
8
Let l be 8 + -8 + 72/1. Suppose -2*i + l = 2*i. What is the units digit of i?
8
Let f(t) = -3*t + 27. What is the units digit of f(6)?
9
Suppose -2*b - 295 = -5*l - b, 4*l + 3*b = 236. What is the tens digit of l?
5
Let n(k) = -k**2 + 6*k + 4. Let d be n(7). Let f be (10/3)/(d/(-9)). Suppose f = -2*i, 6 = -3*h - 2*i + 20. What is the units digit of h?
8
Suppose 0*t = t. Let o(h) = -h - 4 + 5 + 1. What is the units digit of o(t)?
2
Suppose 0 = -4*d + 25 + 87. What is the units digit of d?
8
Let o(g) = -g**2 + 15*g - 9. What is the units digit of o(7)?
7
Suppose 5*v - 2*s - 10 = v, -5*v - 2*s = -17. Let a = -1 + v. What is the units digit of a*9 + -1 - -1?
8
Suppose 2*i = -3*i + 25. Suppose -d - 2*d = 2*y - 14, y = i*d - 19. What is the units digit of d?
4
Let y(b) = -2*b**2 + b**2 - 2*b + 0*b**2 - 2. Let c(p) = p**2 + 2*p + 3. Let w(a) = -3*c(a) - 4*y(a). What is the units digit of w(-4)?
7
Let p = -12 - -8. Let l be (-6)/p*30/9. Suppose l = -y + 14. What is the units digit of y?
9
Let o(g) = g**2 - 4*g + 2. Let w(p) = -p**2 + 5*p - 1. Let r(l) = -2*o(l) - 3*w(l). What is the units digit of r(9)?
7
Let r = -17 - -21. Suppose -4*j - 3*z + 222 = 0, -241 - 52 = -5*j + r*z. What is the units digit of j?
7
Suppose -k = -4*k + 48. Let s be k/72 + (-34)/(-9). Suppose -11 = -3*d + s. What is the units digit of d?
5
Let w(f) = 3*f**2 - 7*f + 5. Let m(v) = 7*v**2 - 15*v + 10. Let p(o) = -2*m(o) + 5*w(o). What is the units digit of p(4)?
1
Let s be 8 - (3 - (0 - -3)). Let t(y) = y + 2*y - y**2 + 5*y + 2 + s. What is the units digit of t(9)?
1
Let j(c) be the second derivative of c**4/6 - c**3/2 + c**2 - 4*c. What is the units digit of j(2)?
4
Let i = 12 + -23. Let z = -7 - i. What is the units digit of z?
4
Suppose -30 - 58 = -4*u. What is the tens digit of u?
2
Let r(g) = 9*g + 1. Let w = 3 - 0. Suppose -6 - 7 = -4*z - 5*t, -3*z = w*t - 9. What is the units digit of r(z)?
9
Suppose -2 = -5*m + i, -3*i = 4*m - 6*i - 6. Suppose -2*q + q - 2 = m, 2*h - 6 = 2*q. Suppose -d + 2 = -h. What is the units digit of d?
3
Let b(k) = k**2 - 6*k - 9. Let y be b(7). Let x = y - -4. What is the units digit of x?
2
Suppose 2*c - 2*d - 428 = 0, 2*c + c = 2*d + 646. What is the tens digit of c?
1
Let s = -5 + 13. Let v(c) = c + 5. What is the units digit of v(s)?
3
Let w = 110 - 65. What is the tens digit of w?
4
What is the tens digit of 31 + 0 - -4 - -3?
3
Let j = 197 + -141. What is the tens digit of j?
5
Suppose 4*b = b. Suppose b = g - 1 - 3. Suppose -3*r + 61 - 3 = 5*z, 5*r = -g*z + 36. What is the units digit of z?
4
Let x(m) = -8*m - 8. Suppose 3*l + 15 = r + 2*r, 5*r = -3*l - 23. Let o be x(l). What is the units digit of (-2)/(-6) - o/(-6)?
7
Let n(m) = m**3 - 12*m**2 + 2*m + 13. What is the units digit of n(12)?
7
Let i(s) = -s**3 + 8*s**2 - 8*s + 10. Let j = -5 - -12. Let x be i(j). Suppose w + 11 = 4*k - 0*k, -3*k = x*w + 3. What is the units digit of k?
2
Let f(d) = -d**3 + 4*d**2 - d - 4. Let p be f(3). Suppose -60 = -2*v - p*v. What is the units digit of 13/2 - v/10?
5
Suppose 24 = 5*y + p, p = -4*y + 5*p. What is the tens digit of (-6)/y*52/(-6)?
1
Let y be -27*(-4)/(-12)*-1. Suppose 5*f - y = 21. What is the units dig